7). Let n be y/7 - (-2214)/21. Calculate the greatest common divisor of n and 42.
21
Suppose q - 4*q = 24. Let z = 2 - q. Let l = z + -4. Calculate the greatest common factor of l and 48.
6
Suppose 0 = v + a - 203, 3*v - 170 = 2*a + 444. Calculate the highest common factor of 12 and v.
12
Suppose 4*d + x = 2 + 9, -4*x = -2*d + 10. What is the highest common divisor of 33 and d?
3
Let d(o) = -o + 22. Let i(a) = a**3 - 7*a**2 - a + 7. Let k be i(7). Let f be d(k). Calculate the highest common factor of f and 11.
11
Let t be 176/(-24) + 4/(-6). Let x be (-60)/t - (-2)/4. What is the greatest common divisor of 88 and x?
8
Let o be (1 + -2)/((-2)/70). Let g = 50 - o. Calculate the highest common divisor of 10 and g.
5
Let t(w) = -w**3 - 12*w**2 + 28*w + 30. Let d be t(-14). What is the greatest common divisor of d and 10?
10
Let r(f) = -f**2 + 7*f - 1. Let d be r(6). Suppose d*c - 3*p - 252 = 2*c, c + 3*p = 64. Suppose 3*b - 65 = c. What is the highest common factor of b and 6?
6
Let s = 84 + -39. Suppose -6 = -2*m - 0, -2*m - 21 = -3*r. What is the greatest common factor of s and r?
9
Let o be 2/32*4*92. Calculate the greatest common factor of o and 23.
23
Suppose 6*w = 106 - 34. What is the highest common divisor of 60 and w?
12
Let p = -43 - -139. Calculate the highest common divisor of p and 12.
12
Let b be 164/14 + (-6)/(-21). Let q = -7 + b. Suppose q*s - 4*s = 18. What is the highest common factor of s and 108?
18
Suppose -2486 = -5*b + m, 5*b - 2474 = 3*m + m. Let a = b + -242. Let r be 8/(-36) + a/18. Calculate the highest common divisor of 14 and r.
14
Let r be 2 - (-1)/((-3)/18). Let y = 0 - 6. Let w = r - y. Calculate the greatest common factor of w and 6.
2
Let c(o) = 16*o**2 - 2*o + 1. Let q be c(1). Let y = q + -11. Calculate the highest common factor of 4 and y.
4
Let o(g) = 5*g + 3. Let l be o(5). Suppose -5*j + 0*j + 15 = 0, 4*k - 2*j = 894. Let z = k + -155. What is the greatest common factor of z and l?
14
Let g be 19/7 - (-2)/7. Suppose 2*y - g*y + 1 = 0. Calculate the highest common factor of y and 7.
1
Let f be ((-9)/(-12))/1 + 90/72. Calculate the greatest common divisor of 14 and f.
2
Suppose -k = 0, 2*k = -2*v + k. Suppose v = 7*x - 3*x - 192. Calculate the greatest common factor of x and 8.
8
Let b(h) = -h**2 + 9*h - 5. Let j be b(8). Suppose -4*r + 76 = -2*v, -v = -2*r - j*v + 32. What is the highest common factor of r and 45?
9
Let c(n) = n**3 - 4*n**2 - 7*n - 1. Let o be c(6). Suppose -2*x - o = -4*k + 81, 2*k = -5*x + 85. Calculate the highest common factor of k and 15.
15
Let r be 1659/18 + 4/(-24). What is the highest common factor of 23 and r?
23
Suppose 0 = 2*j + j. Suppose 0*y + 3*y - 180 = j. Suppose 5*f - 73 = -13. What is the greatest common divisor of y and f?
12
Let h be (-177)/(-2) + (-3)/6. Calculate the greatest common factor of h and 8.
8
Let b(o) = -o**2 + 8*o + 4. Let v be b(6). Suppose -t + 41 = v. Calculate the greatest common factor of t and 75.
25
Let k(h) = 3*h**2 + 6*h + 10. Let z be k(-5). Let u = 65 - 40. Let i = -14 + u. What is the highest common divisor of z and i?
11
Suppose -136 = -2*g + 98. Let c be -1*(15/3 - 18). What is the highest common divisor of c and g?
13
Let d = 3 + 3. Let o(g) be the second derivative of -5*g**3/3 + g**2 - g. Let w be o(-4). Calculate the greatest common divisor of w and d.
6
Let i(n) = -n**3 - 6*n**2 + 6*n - 3. Let h be i(-7). Let z be 2 + -3 + 1 + h. Let v be 2/(-4) - (-18)/z. Calculate the highest common factor of v and 12.
4
Suppose -8*o = -0*o - 576. What is the highest common factor of o and 8?
8
Let k be 6/(-9)*81/(-2). Suppose -97 = -5*i - k. What is the highest common factor of 56 and i?
14
Let h(f) = f - 1. Let u be h(-10). Let z = u - -21. Calculate the greatest common factor of z and 1.
1
Let s be 4/(-10) + 312/30. Calculate the highest common factor of 40 and s.
10
Suppose 3*z + g = -3*g + 55, -z - 4*g + 13 = 0. Let h(f) = 2*f**2 - 18*f + 19. Let q be h(11). What is the greatest common divisor of z and q?
21
Let v = -6 - -29. Suppose -2*q + 0*q = -92. What is the greatest common divisor of v and q?
23
Let z(q) = -q**2 + 22*q + 1. Let j be z(22). What is the highest common divisor of j and 3?
1
Suppose 3*t - 2*t - 2*r - 17 = 0, 3*t = 2*r + 59. What is the greatest common divisor of t and 7?
7
Let q be (7 - 63/15)/((-2)/(-70)). What is the greatest common divisor of q and 14?
14
Let a(s) = -s**3 + 2*s**2 - 2*s + 228. Let n be a(0). Calculate the greatest common divisor of n and 12.
12
Suppose 52 = 2*h - 4. What is the greatest common divisor of 196 and h?
28
Let q = 7 + -3. Suppose 6*w - q*w = 80. Calculate the highest common divisor of 5 and w.
5
Let o(m) = m**3 + 4*m**2. Let x be o(-4). Let y(c) = c**2 + 4. Let k be y(x). What is the greatest common factor of 28 and k?
4
Let n = 26 + -75. Let g = -5 - n. Suppose -4*h + 32 = 2*f, 4*f = h + 4*h + 103. Calculate the greatest common factor of f and g.
22
Let v = -2 + -7. Let n = v - -16. Suppose 4*j - 5*a = n + 8, 2*j - 45 = -5*a. Calculate the highest common factor of j and 10.
10
Let r(s) = -s**2 + 8*s - 4. Let i be r(8). Let v be (-1 - i - 6) + -4. Let h be (v/(-2))/(2/20). What is the highest common divisor of 14 and h?
7
Let l(q) = -3*q + 10. Let a be l(7). Let x(n) = -n**2 - 22*n - 9. Let w be x(a). Calculate the greatest common factor of 16 and w.
16
Suppose 0 = -i + 1 - 0. Calculate the highest common divisor of i and 11.
1
Let u(r) = -r**2 + 19*r + 90. Let p be u(22). Calculate the greatest common factor of p and 1.
1
Let m(l) = -l**3 - 4*l**2 - 4*l - 11. Let b be m(-4). What is the highest common divisor of 5 and b?
5
Let c(v) = 5 - 7 - 3*v + 2*v**2 - 4 - v. Let m be c(5). Let z = -24 + 40. What is the greatest common divisor of m and z?
8
Let a(g) be the first derivative of -3*g**2 + 4*g + 3. Let j be a(-3). Calculate the highest common divisor of 22 and j.
22
Suppose 23*u + 267 = 819. Let m = 105 + -45. Calculate the highest common divisor of u and m.
12
Suppose -76 = -4*c - 5*d, 4*c = -0*c - 3*d + 76. Calculate the greatest common divisor of 133 and c.
19
Suppose -x + 8 = -2*s, -13 = -5*x + s - 0. Let h(d) = 21*d - 2. Let c be h(x). Suppose -p - 3 = -8. What is the greatest common divisor of p and c?
5
Suppose -3*q + 7*q = 0. Suppose q = 11*u - 9*u - 24. Calculate the greatest common divisor of 18 and u.
6
Let v(o) = 3*o**2 + 27. Let q be v(6). What is the highest common factor of q and 27?
27
Let q(l) = l**2 + 5*l + 10. Let t be q(-9). Calculate the greatest common divisor of 23 and t.
23
Let n be 1/(-3) - 847/(-21). Calculate the greatest common factor of n and 8.
8
Let n = 12 - -3. Let p(x) = -36*x + 4. Let f be p(-7). Let d = f + -181. Calculate the highest common factor of n and d.
15
Let y be 8/5*(4 + 1). Calculate the greatest common factor of y and 2.
2
Let l be -3 - (1 - -196 - 0). Let k = -79 - l. Calculate the highest common factor of k and 11.
11
Let r = -9 - -13. Let w(f) = f**2 + f + 4. Let o be w(r). Let v(j) = j**2 + 3*j + 6. Let p be v(-9). Calculate the greatest common divisor of p and o.
12
Let w be -26*(1 + 13/(-2)). Suppose 0 = -19*o + 21*o - 26. Calculate the highest common factor of w and o.
13
Suppose 0 = 4*l - 2*l - 5*n - 10, 4*n = -5*l - 8. Let g = 2 + l. Suppose 26 = 3*h + 2. Calculate the highest common divisor of h and g.
2
Let z(t) be the third derivative of 2*t**2 + 1/3*t**3 + 0 + 1/8*t**4 + 0*t. Let a be z(2). What is the highest common factor of a and 40?
8
Let u(g) = -g. Let i be u(8). Let h be (i/(-5))/((-4)/(-80)). Let r be 2/(-2 - 10/(-4)). Calculate the greatest common divisor of r and h.
4
Let d be 1*(0/1 - -35 - 2). What is the greatest common divisor of 231 and d?
33
Let f be -1 - -4 - (-1 + (0 - 16)). Let y(o) = o**3 - o**2 - o - 2. Let k be y(2). Let x be 1 + (30 - (1 - k)). What is the highest common factor of f and x?
10
Let a be 14/4*(-2 - 0). Let u = 35 - a. Calculate the highest common divisor of u and 6.
6
Suppose -b = -2*k - 66, 91 = 2*b - k - 44. Calculate the greatest common divisor of b and 204.
68
Let n(u) = u**3 - 12*u**2 + 12*u - 7. Let v be n(11). Suppose -v*d = -4*g + g - 60, 48 = 3*d - 3*g. What is the highest common divisor of 84 and d?
12
Let l be (0/6)/(-1*2). Suppose -h + 0*h + 14 = l. Calculate the highest common divisor 